{"id":211,"date":"2024-11-11T23:21:28","date_gmt":"2024-11-11T22:21:28","guid":{"rendered":"https:\/\/france-visite.com\/?page_id=211"},"modified":"2024-11-20T20:29:20","modified_gmt":"2024-11-20T19:29:20","slug":"roadshows-professionnels","status":"publish","type":"page","link":"https:\/\/france-visite.com\/index.php\/roadshows-professionnels\/","title":{"rendered":"Roadshows professionnels"},"content":{"rendered":"\t\t<div data-elementor-type=\"wp-page\" data-elementor-id=\"211\" class=\"elementor elementor-211\" data-elementor-post-type=\"page\">\n\t\t\t\t\t\t<section class=\"elementor-section elementor-top-section elementor-element elementor-element-72426a2 elementor-section-height-min-height elementor-section-boxed elementor-section-height-default elementor-section-items-middle\" data-id=\"72426a2\" data-element_type=\"section\" data-settings=\"{&quot;background_background&quot;:&quot;classic&quot;}\">\n\t\t\t\t\t\t\t<div class=\"elementor-background-overlay\"><\/div>\n\t\t\t\t\t\t\t<div class=\"elementor-container elementor-column-gap-default\">\n\t\t\t\t\t<div class=\"elementor-column elementor-col-100 elementor-top-column elementor-element elementor-element-804023c\" data-id=\"804023c\" data-element_type=\"column\">\n\t\t\t<div class=\"elementor-widget-wrap elementor-element-populated\">\n\t\t\t\t\t\t<div class=\"elementor-element elementor-element-0009ac1 elementor-widget elementor-widget-heading\" data-id=\"0009ac1\" data-element_type=\"widget\" data-widget_type=\"heading.default\">\n\t\t\t\t<div class=\"elementor-widget-container\">\n\t\t\t\t\t<h1 class=\"elementor-heading-title elementor-size-default\">Roadshows professionnels<\/h1>\t\t\t\t<\/div>\n\t\t\t\t<\/div>\n\t\t\t\t\t<\/div>\n\t\t<\/div>\n\t\t\t\t\t<\/div>\n\t\t<\/section>\n\t\t\t\t<section class=\"elementor-section elementor-top-section elementor-element elementor-element-232e3bc elementor-section-boxed elementor-section-height-default elementor-section-height-default\" data-id=\"232e3bc\" data-element_type=\"section\">\n\t\t\t\t\t\t<div class=\"elementor-container elementor-column-gap-default\">\n\t\t\t\t\t<div class=\"elementor-column elementor-col-100 elementor-top-column elementor-element elementor-element-5ddca3f\" data-id=\"5ddca3f\" data-element_type=\"column\">\n\t\t\t<div class=\"elementor-widget-wrap elementor-element-populated\">\n\t\t\t\t\t\t<div class=\"elementor-element elementor-element-146ae1a elementor-widget elementor-widget-heading\" data-id=\"146ae1a\" data-element_type=\"widget\" data-widget_type=\"heading.default\">\n\t\t\t\t<div class=\"elementor-widget-container\">\n\t\t\t\t\t<h2 class=\"elementor-heading-title elementor-size-default\">Service Chauffeur Priv\u00e9 pour Roadshows Professionnels\n<\/h2>\t\t\t\t<\/div>\n\t\t\t\t<\/div>\n\t\t\t\t<div class=\"elementor-element elementor-element-b44f832 elementor-widget-mobile__width-initial elementor-widget elementor-widget-text-editor\" data-id=\"b44f832\" data-element_type=\"widget\" data-widget_type=\"text-editor.default\">\n\t\t\t\t<div class=\"elementor-widget-container\">\n\t\t\t\t\t\t\t\t\t<p>Optimisez vos d\u00e9placements professionnels avec France Visite, votre partenaire de confiance pour l\u2019organisation de roadshows. Nous proposons un service sur mesure, sp\u00e9cialement con\u00e7u pour r\u00e9pondre aux exigences des entreprises et professionnels en d\u00e9placement, alliant ponctualit\u00e9, confort et discr\u00e9tion.<\/p>\t\t\t\t\t\t\t\t<\/div>\n\t\t\t\t<\/div>\n\t\t\t\t\t<\/div>\n\t\t<\/div>\n\t\t\t\t\t<\/div>\n\t\t<\/section>\n\t\t\t\t<section class=\"elementor-section elementor-top-section elementor-element elementor-element-e36fc06 elementor-section-boxed elementor-section-height-default elementor-section-height-default\" data-id=\"e36fc06\" data-element_type=\"section\" data-settings=\"{&quot;background_background&quot;:&quot;classic&quot;}\">\n\t\t\t\t\t\t<div class=\"elementor-container elementor-column-gap-default\">\n\t\t\t\t\t<div class=\"elementor-column elementor-col-50 elementor-top-column elementor-element elementor-element-bbaf6f4\" data-id=\"bbaf6f4\" data-element_type=\"column\" data-settings=\"{&quot;background_background&quot;:&quot;classic&quot;}\">\n\t\t\t<div class=\"elementor-widget-wrap elementor-element-populated\">\n\t\t\t\t\t\t<div class=\"elementor-element elementor-element-2bce79b elementor-widget elementor-widget-image\" data-id=\"2bce79b\" data-element_type=\"widget\" data-widget_type=\"image.default\">\n\t\t\t\t<div class=\"elementor-widget-container\">\n\t\t\t\t\t\t\t\t\t\t\t\t\t\t\t<img fetchpriority=\"high\" decoding=\"async\" width=\"378\" height=\"388\" src=\"https:\/\/france-visite.com\/wp-content\/uploads\/2024\/11\/corporate.jpg\" class=\"attachment-full size-full wp-image-382\" alt=\"\" srcset=\"https:\/\/france-visite.com\/wp-content\/uploads\/2024\/11\/corporate.jpg 378w, https:\/\/france-visite.com\/wp-content\/uploads\/2024\/11\/corporate-292x300.jpg 292w\" sizes=\"(max-width: 378px) 100vw, 378px\" \/>\t\t\t\t\t\t\t\t\t\t\t\t\t\t\t<\/div>\n\t\t\t\t<\/div>\n\t\t\t\t\t<\/div>\n\t\t<\/div>\n\t\t\t\t<div class=\"elementor-column elementor-col-50 elementor-top-column elementor-element elementor-element-8db0af0\" data-id=\"8db0af0\" data-element_type=\"column\">\n\t\t\t<div class=\"elementor-widget-wrap elementor-element-populated\">\n\t\t\t\t\t\t<div class=\"elementor-element elementor-element-8690bfe elementor-widget elementor-widget-heading\" data-id=\"8690bfe\" data-element_type=\"widget\" data-widget_type=\"heading.default\">\n\t\t\t\t<div class=\"elementor-widget-container\">\n\t\t\t\t\t<h3 class=\"elementor-heading-title elementor-size-default\">Une logistique sans faille pour vos roadshows\n<\/h3>\t\t\t\t<\/div>\n\t\t\t\t<\/div>\n\t\t\t\t<div class=\"elementor-element elementor-element-78a9adf elementor-widget-mobile__width-initial elementor-widget elementor-widget-text-editor\" data-id=\"78a9adf\" data-element_type=\"widget\" data-widget_type=\"text-editor.default\">\n\t\t\t\t<div class=\"elementor-widget-container\">\n\t\t\t\t\t\t\t\t\t<p>Les roadshows impliquent des itin\u00e9raires complexes et des horaires serr\u00e9s. Avec France Visite, b\u00e9n\u00e9ficiez d\u2019une organisation rigoureuse et d\u2019un service de transport premium pour encha\u00eener vos rendez-vous d\u2019affaires sans le moindre souci.<\/p><p>Nos chauffeurs exp\u00e9riment\u00e9s veillent \u00e0 respecter vos contraintes de temps et adaptent les trajets en temps r\u00e9el selon vos besoins. Gr\u00e2ce \u00e0 notre ma\u00eetrise des itin\u00e9raires et de la circulation, vous arrivez \u00e0 chaque rendez-vous en toute s\u00e9r\u00e9nit\u00e9.<\/p>\t\t\t\t\t\t\t\t<\/div>\n\t\t\t\t<\/div>\n\t\t\t\t\t<\/div>\n\t\t<\/div>\n\t\t\t\t\t<\/div>\n\t\t<\/section>\n\t\t\t\t<section class=\"elementor-section elementor-top-section elementor-element elementor-element-fcecf78 elementor-section-boxed elementor-section-height-default elementor-section-height-default\" data-id=\"fcecf78\" data-element_type=\"section\">\n\t\t\t\t\t\t<div class=\"elementor-container elementor-column-gap-default\">\n\t\t\t\t\t<div class=\"elementor-column elementor-col-50 elementor-top-column elementor-element elementor-element-06c6661\" data-id=\"06c6661\" data-element_type=\"column\">\n\t\t\t<div class=\"elementor-widget-wrap elementor-element-populated\">\n\t\t\t\t\t\t<div class=\"elementor-element elementor-element-491b97e elementor-widget elementor-widget-image\" data-id=\"491b97e\" data-element_type=\"widget\" data-widget_type=\"image.default\">\n\t\t\t\t<div class=\"elementor-widget-container\">\n\t\t\t\t\t\t\t\t\t\t\t\t\t\t\t<img decoding=\"async\" width=\"250\" height=\"250\" src=\"https:\/\/france-visite.com\/wp-content\/uploads\/2024\/11\/mark_13426129.png\" class=\"attachment-large size-large wp-image-390\" alt=\"\" srcset=\"https:\/\/france-visite.com\/wp-content\/uploads\/2024\/11\/mark_13426129.png 250w, https:\/\/france-visite.com\/wp-content\/uploads\/2024\/11\/mark_13426129-150x150.png 150w\" sizes=\"(max-width: 250px) 100vw, 250px\" \/>\t\t\t\t\t\t\t\t\t\t\t\t\t\t\t<\/div>\n\t\t\t\t<\/div>\n\t\t\t\t\t<\/div>\n\t\t<\/div>\n\t\t\t\t<div class=\"elementor-column elementor-col-50 elementor-top-column elementor-element elementor-element-5379104\" data-id=\"5379104\" data-element_type=\"column\">\n\t\t\t<div class=\"elementor-widget-wrap elementor-element-populated\">\n\t\t\t\t\t\t<div class=\"elementor-element elementor-element-333a2d8 elementor-widget elementor-widget-heading\" data-id=\"333a2d8\" data-element_type=\"widget\" data-widget_type=\"heading.default\">\n\t\t\t\t<div class=\"elementor-widget-container\">\n\t\t\t\t\t<h3 class=\"elementor-heading-title elementor-size-default\">Un service adapt\u00e9 aux exigences des professionnels<\/h3>\t\t\t\t<\/div>\n\t\t\t\t<\/div>\n\t\t\t\t<div class=\"elementor-element elementor-element-776d955 elementor-widget-mobile__width-initial elementor-widget elementor-widget-text-editor\" data-id=\"776d955\" data-element_type=\"widget\" data-widget_type=\"text-editor.default\">\n\t\t\t\t<div class=\"elementor-widget-container\">\n\t\t\t\t\t\t\t\t\t<p>Que vous organisiez un roadshow financier, une tourn\u00e9e de pr\u00e9sentation ou une s\u00e9rie de rencontres d\u2019affaires, nous mettons tout en \u0153uvre pour r\u00e9pondre \u00e0 vos attentes :<\/p><ul><li><strong>Chauffeurs ponctuels et professionnels<\/strong> : \u00c9l\u00e9gamment habill\u00e9s, discrets et habitu\u00e9s \u00e0 travailler avec des cadres et VIP.<\/li><li><strong>Coordination fluide<\/strong> : Prise en charge des itin\u00e9raires et synchronisation des horaires pour \u00e9viter tout retard.<\/li><li><strong>V\u00e9hicules haut de gamme<\/strong> : Des berlines \u00e9l\u00e9gantes et des vans spacieux pour un confort maximal pendant vos d\u00e9placements.<\/li><\/ul>\t\t\t\t\t\t\t\t<\/div>\n\t\t\t\t<\/div>\n\t\t\t\t\t<\/div>\n\t\t<\/div>\n\t\t\t\t\t<\/div>\n\t\t<\/section>\n\t\t\t\t<section class=\"elementor-section elementor-top-section elementor-element elementor-element-15c5879 elementor-section-boxed elementor-section-height-default elementor-section-height-default\" data-id=\"15c5879\" data-element_type=\"section\">\n\t\t\t\t\t\t<div class=\"elementor-container elementor-column-gap-default\">\n\t\t\t\t\t<div class=\"elementor-column elementor-col-50 elementor-top-column elementor-element elementor-element-524f7cb\" data-id=\"524f7cb\" data-element_type=\"column\">\n\t\t\t<div class=\"elementor-widget-wrap elementor-element-populated\">\n\t\t\t\t\t\t<div class=\"elementor-element elementor-element-0b28a04 elementor-widget elementor-widget-image\" data-id=\"0b28a04\" data-element_type=\"widget\" data-widget_type=\"image.default\">\n\t\t\t\t<div class=\"elementor-widget-container\">\n\t\t\t\t\t\t\t\t\t\t\t\t\t\t\t<img decoding=\"async\" width=\"512\" height=\"512\" src=\"https:\/\/france-visite.com\/wp-content\/uploads\/2024\/11\/desk_7907924.png\" class=\"attachment-large size-large wp-image-391\" alt=\"\" srcset=\"https:\/\/france-visite.com\/wp-content\/uploads\/2024\/11\/desk_7907924.png 512w, https:\/\/france-visite.com\/wp-content\/uploads\/2024\/11\/desk_7907924-300x300.png 300w, https:\/\/france-visite.com\/wp-content\/uploads\/2024\/11\/desk_7907924-150x150.png 150w\" sizes=\"(max-width: 512px) 100vw, 512px\" \/>\t\t\t\t\t\t\t\t\t\t\t\t\t\t\t<\/div>\n\t\t\t\t<\/div>\n\t\t\t\t\t<\/div>\n\t\t<\/div>\n\t\t\t\t<div class=\"elementor-column elementor-col-50 elementor-top-column elementor-element elementor-element-5aa7e0e\" data-id=\"5aa7e0e\" data-element_type=\"column\">\n\t\t\t<div class=\"elementor-widget-wrap elementor-element-populated\">\n\t\t\t\t\t\t<div class=\"elementor-element elementor-element-763804e elementor-widget elementor-widget-heading\" data-id=\"763804e\" data-element_type=\"widget\" data-widget_type=\"heading.default\">\n\t\t\t\t<div class=\"elementor-widget-container\">\n\t\t\t\t\t<h3 class=\"elementor-heading-title elementor-size-default\">Un bureau mobile \u00e0 votre disposition<\/h3>\t\t\t\t<\/div>\n\t\t\t\t<\/div>\n\t\t\t\t<div class=\"elementor-element elementor-element-bfcfb5d elementor-widget-mobile__width-initial elementor-widget elementor-widget-text-editor\" data-id=\"bfcfb5d\" data-element_type=\"widget\" data-widget_type=\"text-editor.default\">\n\t\t\t\t<div class=\"elementor-widget-container\">\n\t\t\t\t\t\t\t\t\t<p>Transformez vos trajets en opportunit\u00e9 de travail ou de d\u00e9tente. Nos v\u00e9hicules premium sont \u00e9quip\u00e9s pour r\u00e9pondre aux besoins des professionnels les plus exigeants :<\/p><ul><li><strong>Connexion Wi-Fi int\u00e9gr\u00e9e<\/strong> : Restez connect\u00e9 pour g\u00e9rer vos affaires en d\u00e9placement.<\/li><li><strong>Prises de recharge<\/strong> : Pour vos ordinateurs portables et smartphones.<\/li><li><strong>Confort optimal<\/strong> : Si\u00e8ges ergonomiques et climatisation, pour rester concentr\u00e9 et productif.<\/li><\/ul>\t\t\t\t\t\t\t\t<\/div>\n\t\t\t\t<\/div>\n\t\t\t\t\t<\/div>\n\t\t<\/div>\n\t\t\t\t\t<\/div>\n\t\t<\/section>\n\t\t\t\t<section class=\"elementor-section elementor-top-section elementor-element elementor-element-1dc0ed7 elementor-section-boxed elementor-section-height-default elementor-section-height-default\" data-id=\"1dc0ed7\" data-element_type=\"section\">\n\t\t\t\t\t\t<div class=\"elementor-container elementor-column-gap-default\">\n\t\t\t\t\t<div class=\"elementor-column elementor-col-50 elementor-top-column elementor-element elementor-element-3aa0826\" data-id=\"3aa0826\" data-element_type=\"column\">\n\t\t\t<div class=\"elementor-widget-wrap elementor-element-populated\">\n\t\t\t\t\t\t<div class=\"elementor-element elementor-element-e0b3a88 elementor-widget elementor-widget-image\" data-id=\"e0b3a88\" data-element_type=\"widget\" data-widget_type=\"image.default\">\n\t\t\t\t<div class=\"elementor-widget-container\">\n\t\t\t\t\t\t\t\t\t\t\t\t\t\t\t<img loading=\"lazy\" decoding=\"async\" width=\"512\" height=\"512\" src=\"https:\/\/france-visite.com\/wp-content\/uploads\/2024\/11\/ownership_10108381.png\" class=\"attachment-large size-large wp-image-392\" alt=\"\" srcset=\"https:\/\/france-visite.com\/wp-content\/uploads\/2024\/11\/ownership_10108381.png 512w, https:\/\/france-visite.com\/wp-content\/uploads\/2024\/11\/ownership_10108381-300x300.png 300w, https:\/\/france-visite.com\/wp-content\/uploads\/2024\/11\/ownership_10108381-150x150.png 150w\" sizes=\"(max-width: 512px) 100vw, 512px\" \/>\t\t\t\t\t\t\t\t\t\t\t\t\t\t\t<\/div>\n\t\t\t\t<\/div>\n\t\t\t\t\t<\/div>\n\t\t<\/div>\n\t\t\t\t<div class=\"elementor-column elementor-col-50 elementor-top-column elementor-element elementor-element-b707845\" data-id=\"b707845\" data-element_type=\"column\">\n\t\t\t<div class=\"elementor-widget-wrap elementor-element-populated\">\n\t\t\t\t\t\t<div class=\"elementor-element elementor-element-17255e2 elementor-widget elementor-widget-heading\" data-id=\"17255e2\" data-element_type=\"widget\" data-widget_type=\"heading.default\">\n\t\t\t\t<div class=\"elementor-widget-container\">\n\t\t\t\t\t<h3 class=\"elementor-heading-title elementor-size-default\">Une organisation cl\u00e9 en main<\/h3>\t\t\t\t<\/div>\n\t\t\t\t<\/div>\n\t\t\t\t<div class=\"elementor-element elementor-element-2757ebd elementor-widget-mobile__width-initial elementor-widget elementor-widget-text-editor\" data-id=\"2757ebd\" data-element_type=\"widget\" data-widget_type=\"text-editor.default\">\n\t\t\t\t<div class=\"elementor-widget-container\">\n\t\t\t\t\t\t\t\t\t<p>Transformez vos trajets en opportunit\u00e9 de travail ou de d\u00e9tente. Nos v\u00e9hicules premium sont \u00e9quip\u00e9s pour r\u00e9pondre aux besoins des professionnels les plus exigeants :<\/p><ul><li><strong>Connexion Wi-Fi int\u00e9gr\u00e9e<\/strong> : Restez connect\u00e9 pour g\u00e9rer vos affaires en d\u00e9placement.<\/li><li><strong>Prises de recharge<\/strong> : Pour vos ordinateurs portables et smartphones.<\/li><li><strong>Confort optimal<\/strong> : Si\u00e8ges ergonomiques et climatisation, pour rester concentr\u00e9 et productif.<\/li><\/ul>\t\t\t\t\t\t\t\t<\/div>\n\t\t\t\t<\/div>\n\t\t\t\t\t<\/div>\n\t\t<\/div>\n\t\t\t\t\t<\/div>\n\t\t<\/section>\n\t\t\t\t<section class=\"elementor-section elementor-top-section elementor-element elementor-element-263c196 elementor-section-boxed elementor-section-height-default elementor-section-height-default\" data-id=\"263c196\" data-element_type=\"section\" data-settings=\"{&quot;background_background&quot;:&quot;classic&quot;}\">\n\t\t\t\t\t\t<div class=\"elementor-container elementor-column-gap-default\">\n\t\t\t\t\t<div class=\"elementor-column elementor-col-100 elementor-top-column elementor-element elementor-element-a2c8e44\" data-id=\"a2c8e44\" data-element_type=\"column\">\n\t\t\t<div class=\"elementor-widget-wrap elementor-element-populated\">\n\t\t\t\t\t\t<div class=\"elementor-element elementor-element-0aa9386 elementor-widget elementor-widget-heading\" data-id=\"0aa9386\" data-element_type=\"widget\" data-widget_type=\"heading.default\">\n\t\t\t\t<div class=\"elementor-widget-container\">\n\t\t\t\t\t<h3 class=\"elementor-heading-title elementor-size-default\">R\u00e9servez votre service chauffeur pour roadshows d\u00e8s maintenant\n<\/h3>\t\t\t\t<\/div>\n\t\t\t\t<\/div>\n\t\t\t\t<div class=\"elementor-element elementor-element-8a68331 elementor-widget-mobile__width-initial elementor-widget elementor-widget-text-editor\" data-id=\"8a68331\" data-element_type=\"widget\" data-widget_type=\"text-editor.default\">\n\t\t\t\t<div class=\"elementor-widget-container\">\n\t\t\t\t\t\t\t\t\t<p>France Visite s&rsquo;engage \u00e0 rendre vos d\u00e9placements professionnels fluides et efficaces. <br \/>Contactez-nous pour un devis gratuit et laissez-nous organiser vos trajets avec soin et pr\u00e9cision.<\/p>\t\t\t\t\t\t\t\t<\/div>\n\t\t\t\t<\/div>\n\t\t\t\t<div class=\"elementor-element elementor-element-acaef34 elementor-align-center elementor-widget elementor-widget-button\" data-id=\"acaef34\" data-element_type=\"widget\" data-widget_type=\"button.default\">\n\t\t\t\t<div class=\"elementor-widget-container\">\n\t\t\t\t\t\t\t\t\t<div class=\"elementor-button-wrapper\">\n\t\t\t\t\t<a class=\"elementor-button elementor-button-link elementor-size-sm\" href=\"https:\/\/france-visite.com\/index.php\/contact\/\">\n\t\t\t\t\t\t<span class=\"elementor-button-content-wrapper\">\n\t\t\t\t\t\t\t\t\t<span class=\"elementor-button-text\">Contactez-nous<\/span>\n\t\t\t\t\t<\/span>\n\t\t\t\t\t<\/a>\n\t\t\t\t<\/div>\n\t\t\t\t\t\t\t\t<\/div>\n\t\t\t\t<\/div>\n\t\t\t\t\t<\/div>\n\t\t<\/div>\n\t\t\t\t\t<\/div>\n\t\t<\/section>\n\t\t\t\t<section class=\"elementor-section elementor-top-section elementor-element elementor-element-6315616 elementor-section-height-min-height elementor-section-full_width elementor-section-height-default elementor-section-items-middle\" data-id=\"6315616\" data-element_type=\"section\" data-settings=\"{&quot;background_background&quot;:&quot;classic&quot;}\">\n\t\t\t\t\t\t\t<div class=\"elementor-background-overlay\"><\/div>\n\t\t\t\t\t\t\t<div class=\"elementor-container elementor-column-gap-default\">\n\t\t\t\t\t<div class=\"elementor-column elementor-col-100 elementor-top-column elementor-element elementor-element-0cf2efa\" data-id=\"0cf2efa\" data-element_type=\"column\">\n\t\t\t<div class=\"elementor-widget-wrap\">\n\t\t\t\t\t\t\t<\/div>\n\t\t<\/div>\n\t\t\t\t\t<\/div>\n\t\t<\/section>\n\t\t\t\t<\/div>\n\t\t","protected":false},"excerpt":{"rendered":"<p>Roadshows professionnels Service Chauffeur Priv\u00e9 pour Roadshows Professionnels Optimisez vos d\u00e9placements professionnels avec France Visite, votre partenaire de confiance pour l\u2019organisation de roadshows. Nous proposons un service sur mesure, sp\u00e9cialement con\u00e7u pour r\u00e9pondre aux exigences des entreprises et professionnels en d\u00e9placement, alliant ponctualit\u00e9, confort et discr\u00e9tion. Une logistique sans faille pour vos roadshows Les roadshows [&hellip;]<\/p>\n","protected":false},"author":1,"featured_media":0,"parent":0,"menu_order":0,"comment_status":"closed","ping_status":"closed","template":"elementor_header_footer","meta":{"footnotes":""},"class_list":["post-211","page","type-page","status-publish","hentry"],"_links":{"self":[{"href":"https:\/\/france-visite.com\/index.php\/wp-json\/wp\/v2\/pages\/211","targetHints":{"allow":["GET"]}}],"collection":[{"href":"https:\/\/france-visite.com\/index.php\/wp-json\/wp\/v2\/pages"}],"about":[{"href":"https:\/\/france-visite.com\/index.php\/wp-json\/wp\/v2\/types\/page"}],"author":[{"embeddable":true,"href":"https:\/\/france-visite.com\/index.php\/wp-json\/wp\/v2\/users\/1"}],"replies":[{"embeddable":true,"href":"https:\/\/france-visite.com\/index.php\/wp-json\/wp\/v2\/comments?post=211"}],"version-history":[{"count":47,"href":"https:\/\/france-visite.com\/index.php\/wp-json\/wp\/v2\/pages\/211\/revisions"}],"predecessor-version":[{"id":692,"href":"https:\/\/france-visite.com\/index.php\/wp-json\/wp\/v2\/pages\/211\/revisions\/692"}],"wp:attachment":[{"href":"https:\/\/france-visite.com\/index.php\/wp-json\/wp\/v2\/media?parent=211"}],"curies":[{"name":"wp","href":"https:\/\/api.w.org\/{rel}","templated":true}]}}