{"id":192,"date":"2024-11-11T23:14:10","date_gmt":"2024-11-11T22:14:10","guid":{"rendered":"https:\/\/france-visite.com\/?page_id=192"},"modified":"2024-11-29T12:02:24","modified_gmt":"2024-11-29T11:02:24","slug":"chauffeur-prive","status":"publish","type":"page","link":"https:\/\/france-visite.com\/index.php\/chauffeur-prive\/","title":{"rendered":"chauffeur priv\u00e9"},"content":{"rendered":"\t\t<div data-elementor-type=\"wp-page\" data-elementor-id=\"192\" class=\"elementor elementor-192\" data-elementor-post-type=\"page\">\n\t\t\t\t\t\t<section class=\"elementor-section elementor-top-section elementor-element elementor-element-34a9e55 elementor-section-height-min-height elementor-section-boxed elementor-section-height-default elementor-section-items-middle\" data-id=\"34a9e55\" data-element_type=\"section\" data-settings=\"{&quot;background_background&quot;:&quot;classic&quot;}\">\n\t\t\t\t\t\t\t<div class=\"elementor-background-overlay\"><\/div>\n\t\t\t\t\t\t\t<div class=\"elementor-container elementor-column-gap-default\">\n\t\t\t\t\t<div class=\"elementor-column elementor-col-100 elementor-top-column elementor-element elementor-element-5b48770\" data-id=\"5b48770\" data-element_type=\"column\">\n\t\t\t<div class=\"elementor-widget-wrap elementor-element-populated\">\n\t\t\t\t\t\t<div class=\"elementor-element elementor-element-4d7a3e5 elementor-widget elementor-widget-heading\" data-id=\"4d7a3e5\" data-element_type=\"widget\" data-widget_type=\"heading.default\">\n\t\t\t\t<div class=\"elementor-widget-container\">\n\t\t\t\t\t<h1 class=\"elementor-heading-title elementor-size-default\">Chauffeur priv\u00e9 de luxe<\/h1>\t\t\t\t<\/div>\n\t\t\t\t<\/div>\n\t\t\t\t\t<\/div>\n\t\t<\/div>\n\t\t\t\t\t<\/div>\n\t\t<\/section>\n\t\t\t\t<section class=\"elementor-section elementor-top-section elementor-element elementor-element-312f790 elementor-section-boxed elementor-section-height-default elementor-section-height-default\" data-id=\"312f790\" data-element_type=\"section\">\n\t\t\t\t\t\t<div class=\"elementor-container elementor-column-gap-default\">\n\t\t\t\t\t<div class=\"elementor-column elementor-col-100 elementor-top-column elementor-element elementor-element-f0252ca\" data-id=\"f0252ca\" data-element_type=\"column\">\n\t\t\t<div class=\"elementor-widget-wrap elementor-element-populated\">\n\t\t\t\t\t\t<div class=\"elementor-element elementor-element-f51d449 elementor-widget elementor-widget-heading\" data-id=\"f51d449\" data-element_type=\"widget\" data-widget_type=\"heading.default\">\n\t\t\t\t<div class=\"elementor-widget-container\">\n\t\t\t\t\t<h2 class=\"elementor-heading-title elementor-size-default\">Un service premium de location de v\u00e9hicule avec chauffeur<\/h2>\t\t\t\t<\/div>\n\t\t\t\t<\/div>\n\t\t\t\t<div class=\"elementor-element elementor-element-000cce9 elementor-widget-mobile__width-initial elementor-widget elementor-widget-text-editor\" data-id=\"000cce9\" data-element_type=\"widget\" data-widget_type=\"text-editor.default\">\n\t\t\t\t<div class=\"elementor-widget-container\">\n\t\t\t\t\t\t\t\t\t<p>Transformez vos d\u00e9placements professionnels ou personnels en v\u00e9ritables moments de s\u00e9r\u00e9nit\u00e9 gr\u00e2ce \u00e0 nos formules personnalis\u00e9es. Nous proposons des forfaits flexibles, allant d\u2019une demi-journ\u00e9e \u00e0 une journ\u00e9e compl\u00e8te, id\u00e9aux pour optimiser votre temps lors de multiples rendez-vous, offrir une visite de Paris \u00e0 vos clients, organiser une s\u00e9ance de shopping ou rejoindre un s\u00e9minaire sans stress.<\/p>\t\t\t\t\t\t\t\t<\/div>\n\t\t\t\t<\/div>\n\t\t\t\t\t<\/div>\n\t\t<\/div>\n\t\t\t\t\t<\/div>\n\t\t<\/section>\n\t\t\t\t<section class=\"elementor-section elementor-top-section elementor-element elementor-element-3ed9632 elementor-section-boxed elementor-section-height-default elementor-section-height-default\" data-id=\"3ed9632\" data-element_type=\"section\" data-settings=\"{&quot;background_background&quot;:&quot;classic&quot;}\">\n\t\t\t\t\t\t<div class=\"elementor-container elementor-column-gap-default\">\n\t\t\t\t\t<div class=\"elementor-column elementor-col-50 elementor-top-column elementor-element elementor-element-222cdce\" data-id=\"222cdce\" data-element_type=\"column\" data-settings=\"{&quot;background_background&quot;:&quot;classic&quot;}\">\n\t\t\t<div class=\"elementor-widget-wrap elementor-element-populated\">\n\t\t\t\t\t\t<div class=\"elementor-element elementor-element-2cef5fa elementor-widget elementor-widget-image\" data-id=\"2cef5fa\" data-element_type=\"widget\" data-widget_type=\"image.default\">\n\t\t\t\t<div class=\"elementor-widget-container\">\n\t\t\t\t\t\t\t\t\t\t\t\t\t\t\t<img fetchpriority=\"high\" decoding=\"async\" width=\"800\" height=\"800\" src=\"https:\/\/france-visite.com\/wp-content\/uploads\/2024\/11\/chauffeur-bien-habille.jpg\" class=\"attachment-full size-full wp-image-339\" alt=\"\" srcset=\"https:\/\/france-visite.com\/wp-content\/uploads\/2024\/11\/chauffeur-bien-habille.jpg 800w, https:\/\/france-visite.com\/wp-content\/uploads\/2024\/11\/chauffeur-bien-habille-300x300.jpg 300w, https:\/\/france-visite.com\/wp-content\/uploads\/2024\/11\/chauffeur-bien-habille-150x150.jpg 150w, https:\/\/france-visite.com\/wp-content\/uploads\/2024\/11\/chauffeur-bien-habille-768x768.jpg 768w, https:\/\/france-visite.com\/wp-content\/uploads\/2024\/11\/elementor\/thumbs\/chauffeur-bien-habille-qx9d8k4gexeik3bodbp9j20dn6iwslodzrqj7bplgk.jpg 650w\" sizes=\"(max-width: 800px) 100vw, 800px\" \/>\t\t\t\t\t\t\t\t\t\t\t\t\t\t\t<\/div>\n\t\t\t\t<\/div>\n\t\t\t\t\t<\/div>\n\t\t<\/div>\n\t\t\t\t<div class=\"elementor-column elementor-col-50 elementor-top-column elementor-element elementor-element-e440660\" data-id=\"e440660\" data-element_type=\"column\">\n\t\t\t<div class=\"elementor-widget-wrap elementor-element-populated\">\n\t\t\t\t\t\t<div class=\"elementor-element elementor-element-51ac350 elementor-widget-mobile__width-initial elementor-widget elementor-widget-text-editor\" data-id=\"51ac350\" data-element_type=\"widget\" data-widget_type=\"text-editor.default\">\n\t\t\t\t<div class=\"elementor-widget-container\">\n\t\t\t\t\t\t\t\t\t<p>Nos chauffeurs, habill\u00e9s avec \u00e9l\u00e9gance dans un costume sombre et une cravate discr\u00e8te, sont form\u00e9s pour \u00eatre \u00e0 la fois professionnels et respectueux de votre besoin de calme. Ils veilleront \u00e0 pr\u00e9server votre tranquillit\u00e9 ou \u00e0 vous laisser travailler sans interruption si tel est votre souhait.<\/p>\t\t\t\t\t\t\t\t<\/div>\n\t\t\t\t<\/div>\n\t\t\t\t\t<\/div>\n\t\t<\/div>\n\t\t\t\t\t<\/div>\n\t\t<\/section>\n\t\t\t\t<section class=\"elementor-section elementor-top-section elementor-element elementor-element-77b3255 elementor-section-boxed elementor-section-height-default elementor-section-height-default\" data-id=\"77b3255\" data-element_type=\"section\">\n\t\t\t\t\t\t<div class=\"elementor-container elementor-column-gap-default\">\n\t\t\t\t\t<div class=\"elementor-column elementor-col-50 elementor-top-column elementor-element elementor-element-0d7026b\" data-id=\"0d7026b\" data-element_type=\"column\">\n\t\t\t<div class=\"elementor-widget-wrap elementor-element-populated\">\n\t\t\t\t\t\t<div class=\"elementor-element elementor-element-12298d2 elementor-widget elementor-widget-image\" data-id=\"12298d2\" data-element_type=\"widget\" data-widget_type=\"image.default\">\n\t\t\t\t<div class=\"elementor-widget-container\">\n\t\t\t\t\t\t\t\t\t\t\t\t\t\t\t<img decoding=\"async\" width=\"512\" height=\"512\" src=\"https:\/\/france-visite.com\/wp-content\/uploads\/2024\/11\/captain_5295468.png\" class=\"attachment-large size-large wp-image-340\" alt=\"\" srcset=\"https:\/\/france-visite.com\/wp-content\/uploads\/2024\/11\/captain_5295468.png 512w, https:\/\/france-visite.com\/wp-content\/uploads\/2024\/11\/captain_5295468-300x300.png 300w, https:\/\/france-visite.com\/wp-content\/uploads\/2024\/11\/captain_5295468-150x150.png 150w\" sizes=\"(max-width: 512px) 100vw, 512px\" \/>\t\t\t\t\t\t\t\t\t\t\t\t\t\t\t<\/div>\n\t\t\t\t<\/div>\n\t\t\t\t\t<\/div>\n\t\t<\/div>\n\t\t\t\t<div class=\"elementor-column elementor-col-50 elementor-top-column elementor-element elementor-element-589d4a6\" data-id=\"589d4a6\" data-element_type=\"column\">\n\t\t\t<div class=\"elementor-widget-wrap elementor-element-populated\">\n\t\t\t\t\t\t<div class=\"elementor-element elementor-element-dc87356 elementor-widget elementor-widget-heading\" data-id=\"dc87356\" data-element_type=\"widget\" data-widget_type=\"heading.default\">\n\t\t\t\t<div class=\"elementor-widget-container\">\n\t\t\t\t\t<h3 class=\"elementor-heading-title elementor-size-default\">Des v\u00e9hicules premium pour des d\u00e9placements en tout confort<\/h3>\t\t\t\t<\/div>\n\t\t\t\t<\/div>\n\t\t\t\t<div class=\"elementor-element elementor-element-360a675 elementor-widget-mobile__width-initial elementor-widget elementor-widget-text-editor\" data-id=\"360a675\" data-element_type=\"widget\" data-widget_type=\"text-editor.default\">\n\t\t\t\t<div class=\"elementor-widget-container\">\n\t\t\t\t\t\t\t\t\t<p>Profitez d\u2019un voyage agr\u00e9able gr\u00e2ce \u00e0 nos berlines noires haut de gamme ou \u00e0 nos vans spacieux pouvant accueillir jusqu\u2019\u00e0 7 passagers. Chaque v\u00e9hicule est \u00e9quip\u00e9 pour vous garantir un trajet confortable : lisez votre magazine pr\u00e9f\u00e9r\u00e9, \u00e9coutez votre musique favorite ou poursuivez vos activit\u00e9s professionnelles gr\u00e2ce \u00e0 une connexion Wi-Fi int\u00e9gr\u00e9e.<\/p><p>Nos chauffeurs, ponctuels, attentifs et discrets, sont l\u00e0 pour vous offrir un service irr\u00e9prochable. Nous mettons \u00e0 votre disposition une \u00e9quipe multilingue : en plus du fran\u00e7ais et de l\u2019anglais, certains de nos chauffeurs parlent \u00e9galement le mandarin ainsi que d\u2019autres langues asiatiques telles que le cor\u00e9en, le japonais ou le tha\u00eflandais. Quelle que soit votre langue, vous b\u00e9n\u00e9ficierez d\u2019un accompagnement personnalis\u00e9 pour rendre votre trajet encore plus agr\u00e9able et fluide.<\/p>\t\t\t\t\t\t\t\t<\/div>\n\t\t\t\t<\/div>\n\t\t\t\t\t<\/div>\n\t\t<\/div>\n\t\t\t\t\t<\/div>\n\t\t<\/section>\n\t\t\t\t<section class=\"elementor-section elementor-top-section elementor-element elementor-element-8b868c4 elementor-section-boxed elementor-section-height-default elementor-section-height-default\" data-id=\"8b868c4\" data-element_type=\"section\">\n\t\t\t\t\t\t<div class=\"elementor-container elementor-column-gap-default\">\n\t\t\t\t\t<div class=\"elementor-column elementor-col-50 elementor-top-column elementor-element elementor-element-a6393f4\" data-id=\"a6393f4\" data-element_type=\"column\">\n\t\t\t<div class=\"elementor-widget-wrap elementor-element-populated\">\n\t\t\t\t\t\t<div class=\"elementor-element elementor-element-35bc21b elementor-widget elementor-widget-image\" data-id=\"35bc21b\" data-element_type=\"widget\" data-widget_type=\"image.default\">\n\t\t\t\t<div class=\"elementor-widget-container\">\n\t\t\t\t\t\t\t\t\t\t\t\t\t\t\t<img decoding=\"async\" width=\"512\" height=\"512\" src=\"https:\/\/france-visite.com\/wp-content\/uploads\/2024\/11\/settings_13320184.png\" class=\"attachment-large size-large wp-image-342\" alt=\"\" srcset=\"https:\/\/france-visite.com\/wp-content\/uploads\/2024\/11\/settings_13320184.png 512w, https:\/\/france-visite.com\/wp-content\/uploads\/2024\/11\/settings_13320184-300x300.png 300w, https:\/\/france-visite.com\/wp-content\/uploads\/2024\/11\/settings_13320184-150x150.png 150w\" sizes=\"(max-width: 512px) 100vw, 512px\" \/>\t\t\t\t\t\t\t\t\t\t\t\t\t\t\t<\/div>\n\t\t\t\t<\/div>\n\t\t\t\t\t<\/div>\n\t\t<\/div>\n\t\t\t\t<div class=\"elementor-column elementor-col-50 elementor-top-column elementor-element elementor-element-2835f14\" data-id=\"2835f14\" data-element_type=\"column\">\n\t\t\t<div class=\"elementor-widget-wrap elementor-element-populated\">\n\t\t\t\t\t\t<div class=\"elementor-element elementor-element-555ea91 elementor-widget elementor-widget-heading\" data-id=\"555ea91\" data-element_type=\"widget\" data-widget_type=\"heading.default\">\n\t\t\t\t<div class=\"elementor-widget-container\">\n\t\t\t\t\t<h3 class=\"elementor-heading-title elementor-size-default\">Un service personnalis\u00e9 adapt\u00e9 \u00e0 vos besoins<\/h3>\t\t\t\t<\/div>\n\t\t\t\t<\/div>\n\t\t\t\t<div class=\"elementor-element elementor-element-cd538e4 elementor-widget-mobile__width-initial elementor-widget elementor-widget-text-editor\" data-id=\"cd538e4\" data-element_type=\"widget\" data-widget_type=\"text-editor.default\">\n\t\t\t\t<div class=\"elementor-widget-container\">\n\t\t\t\t\t\t\t\t\t<p>Nous comprenons que chaque client est unique. C\u2019est pourquoi nous mettons un point d\u2019honneur \u00e0 vous offrir un service sur mesure, parfaitement adapt\u00e9 \u00e0 vos besoins et \u00e0 vos attentes. Que vous soyez un particulier, une entreprise ou une agence, notre priorit\u00e9 est de satisfaire votre demande.<\/p><p>Notre approche personnalis\u00e9e commence d\u00e8s votre prise de contact. Nous prenons le temps d\u2019\u00e9couter vos souhaits, d\u2019identifier vos priorit\u00e9s et de concevoir une prestation qui r\u00e9pond pr\u00e9cis\u00e9ment \u00e0 vos exigences. Qu\u2019il s\u2019agisse d\u2019un transfert, d\u2019une excursion touristique, d\u2019un \u00e9v\u00e9nement professionnel ou d\u2019une c\u00e9l\u00e9bration sp\u00e9ciale, notre \u00e9quipe met \u00e0 votre disposition son expertise et sa flexibilit\u00e9.<\/p>\t\t\t\t\t\t\t\t<\/div>\n\t\t\t\t<\/div>\n\t\t\t\t\t<\/div>\n\t\t<\/div>\n\t\t\t\t\t<\/div>\n\t\t<\/section>\n\t\t\t\t<section class=\"elementor-section elementor-top-section elementor-element elementor-element-cdada6b elementor-section-boxed elementor-section-height-default elementor-section-height-default\" data-id=\"cdada6b\" data-element_type=\"section\">\n\t\t\t\t\t\t<div class=\"elementor-container elementor-column-gap-default\">\n\t\t\t\t\t<div class=\"elementor-column elementor-col-50 elementor-top-column elementor-element elementor-element-54ba6f2\" data-id=\"54ba6f2\" data-element_type=\"column\">\n\t\t\t<div class=\"elementor-widget-wrap elementor-element-populated\">\n\t\t\t\t\t\t<div class=\"elementor-element elementor-element-233d6a4 elementor-widget elementor-widget-image\" data-id=\"233d6a4\" data-element_type=\"widget\" data-widget_type=\"image.default\">\n\t\t\t\t<div class=\"elementor-widget-container\">\n\t\t\t\t\t\t\t\t\t\t\t\t\t\t\t<img loading=\"lazy\" decoding=\"async\" width=\"512\" height=\"512\" src=\"https:\/\/france-visite.com\/wp-content\/uploads\/2024\/11\/easy_5578751.png\" class=\"attachment-large size-large wp-image-341\" alt=\"\" srcset=\"https:\/\/france-visite.com\/wp-content\/uploads\/2024\/11\/easy_5578751.png 512w, https:\/\/france-visite.com\/wp-content\/uploads\/2024\/11\/easy_5578751-300x300.png 300w, https:\/\/france-visite.com\/wp-content\/uploads\/2024\/11\/easy_5578751-150x150.png 150w\" sizes=\"(max-width: 512px) 100vw, 512px\" \/>\t\t\t\t\t\t\t\t\t\t\t\t\t\t\t<\/div>\n\t\t\t\t<\/div>\n\t\t\t\t\t<\/div>\n\t\t<\/div>\n\t\t\t\t<div class=\"elementor-column elementor-col-50 elementor-top-column elementor-element elementor-element-014bc0b\" data-id=\"014bc0b\" data-element_type=\"column\">\n\t\t\t<div class=\"elementor-widget-wrap elementor-element-populated\">\n\t\t\t\t\t\t<div class=\"elementor-element elementor-element-b9d5ae4 elementor-widget elementor-widget-heading\" data-id=\"b9d5ae4\" data-element_type=\"widget\" data-widget_type=\"heading.default\">\n\t\t\t\t<div class=\"elementor-widget-container\">\n\t\t\t\t\t<h3 class=\"elementor-heading-title elementor-size-default\">R\u00e9servez facilement votre v\u00e9hicule avec chauffeur<\/h3>\t\t\t\t<\/div>\n\t\t\t\t<\/div>\n\t\t\t\t<div class=\"elementor-element elementor-element-ebcbf27 elementor-widget-mobile__width-initial elementor-widget elementor-widget-text-editor\" data-id=\"ebcbf27\" data-element_type=\"widget\" data-widget_type=\"text-editor.default\">\n\t\t\t\t<div class=\"elementor-widget-container\">\n\t\t\t\t\t\t\t\t\t<p>Avec\u00a0<em>France Visite<\/em>, r\u00e9server votre v\u00e9hicule avec chauffeur est simple, rapide et efficace. Que vous pr\u00e9f\u00e9riez nous contacter par t\u00e9l\u00e9phone, WhatsApp ou e-mail, notre \u00e9quipe est disponible pour r\u00e9pondre \u00e0 votre demande.<\/p><p>En quelques instants seulement, nous analysons vos besoins et vous envoyons un devis clair et d\u00e9taill\u00e9. Une fois votre accord donn\u00e9, votre r\u00e9servation est imm\u00e9diatement confirm\u00e9e, sans perte de temps.<\/p><p>Que ce soit pour un trajet ponctuel ou une planification \u00e0 l\u2019avance, nous mettons tout en \u0153uvre pour rendre le processus fluide et sans stress. Votre satisfaction commence d\u00e8s la r\u00e9servation<\/p>\t\t\t\t\t\t\t\t<\/div>\n\t\t\t\t<\/div>\n\t\t\t\t\t<\/div>\n\t\t<\/div>\n\t\t\t\t\t<\/div>\n\t\t<\/section>\n\t\t\t\t<section class=\"elementor-section elementor-top-section elementor-element elementor-element-4d158d7 elementor-section-boxed elementor-section-height-default elementor-section-height-default\" data-id=\"4d158d7\" data-element_type=\"section\" data-settings=\"{&quot;background_background&quot;:&quot;classic&quot;}\">\n\t\t\t\t\t\t<div class=\"elementor-container elementor-column-gap-default\">\n\t\t\t\t\t<div class=\"elementor-column elementor-col-100 elementor-top-column elementor-element elementor-element-b140970\" data-id=\"b140970\" data-element_type=\"column\">\n\t\t\t<div class=\"elementor-widget-wrap elementor-element-populated\">\n\t\t\t\t\t\t<div class=\"elementor-element elementor-element-09d8933 elementor-widget elementor-widget-heading\" data-id=\"09d8933\" data-element_type=\"widget\" data-widget_type=\"heading.default\">\n\t\t\t\t<div class=\"elementor-widget-container\">\n\t\t\t\t\t<h3 class=\"elementor-heading-title elementor-size-default\">Nos offres de location avec chauffeur<\/h3>\t\t\t\t<\/div>\n\t\t\t\t<\/div>\n\t\t\t\t<div class=\"elementor-element elementor-element-e35c410 elementor-widget-mobile__width-initial elementor-widget elementor-widget-text-editor\" data-id=\"e35c410\" data-element_type=\"widget\" data-widget_type=\"text-editor.default\">\n\t\t\t\t<div class=\"elementor-widget-container\">\n\t\t\t\t\t\t\t\t\t<p>Nous proposons des formules adapt\u00e9es, allant de la demi-journ\u00e9e \u00e0 la journ\u00e9e compl\u00e8te, id\u00e9ales pour explorer Paris, organiser une excursion ou g\u00e9rer vos rendez-vous professionnels en toute s\u00e9r\u00e9nit\u00e9.<\/p><p><strong>Demandez un devis gratuit ou r\u00e9servez d\u00e8s maintenant votre forfait en ligne.<\/strong><\/p>\t\t\t\t\t\t\t\t<\/div>\n\t\t\t\t<\/div>\n\t\t\t\t<div class=\"elementor-element elementor-element-67bbee9 elementor-align-center elementor-widget elementor-widget-button\" data-id=\"67bbee9\" data-element_type=\"widget\" data-widget_type=\"button.default\">\n\t\t\t\t<div class=\"elementor-widget-container\">\n\t\t\t\t\t\t\t\t\t<div class=\"elementor-button-wrapper\">\n\t\t\t\t\t<a class=\"elementor-button elementor-button-link elementor-size-sm\" href=\"https:\/\/france-visite.com\/index.php\/contact\/\">\n\t\t\t\t\t\t<span class=\"elementor-button-content-wrapper\">\n\t\t\t\t\t\t\t\t\t<span class=\"elementor-button-text\">Contactez-nous<\/span>\n\t\t\t\t\t<\/span>\n\t\t\t\t\t<\/a>\n\t\t\t\t<\/div>\n\t\t\t\t\t\t\t\t<\/div>\n\t\t\t\t<\/div>\n\t\t\t\t\t<\/div>\n\t\t<\/div>\n\t\t\t\t\t<\/div>\n\t\t<\/section>\n\t\t\t\t<section class=\"elementor-section elementor-top-section elementor-element elementor-element-b89e562 elementor-section-height-min-height elementor-section-boxed elementor-section-height-default elementor-section-items-middle\" data-id=\"b89e562\" data-element_type=\"section\" data-settings=\"{&quot;background_background&quot;:&quot;classic&quot;}\">\n\t\t\t\t\t\t<div class=\"elementor-container elementor-column-gap-default\">\n\t\t\t\t\t<div class=\"elementor-column elementor-col-100 elementor-top-column elementor-element elementor-element-970d997\" data-id=\"970d997\" data-element_type=\"column\">\n\t\t\t<div class=\"elementor-widget-wrap\">\n\t\t\t\t\t\t\t<\/div>\n\t\t<\/div>\n\t\t\t\t\t<\/div>\n\t\t<\/section>\n\t\t\t\t<\/div>\n\t\t","protected":false},"excerpt":{"rendered":"<p>Chauffeur priv\u00e9 de luxe Un service premium de location de v\u00e9hicule avec chauffeur Transformez vos d\u00e9placements professionnels ou personnels en v\u00e9ritables moments de s\u00e9r\u00e9nit\u00e9 gr\u00e2ce \u00e0 nos formules personnalis\u00e9es. Nous proposons des forfaits flexibles, allant d\u2019une demi-journ\u00e9e \u00e0 une journ\u00e9e compl\u00e8te, id\u00e9aux pour optimiser votre temps lors de multiples rendez-vous, offrir une visite de Paris [&hellip;]<\/p>\n","protected":false},"author":1,"featured_media":0,"parent":0,"menu_order":0,"comment_status":"closed","ping_status":"closed","template":"elementor_header_footer","meta":{"footnotes":""},"class_list":["post-192","page","type-page","status-publish","hentry"],"_links":{"self":[{"href":"https:\/\/france-visite.com\/index.php\/wp-json\/wp\/v2\/pages\/192","targetHints":{"allow":["GET"]}}],"collection":[{"href":"https:\/\/france-visite.com\/index.php\/wp-json\/wp\/v2\/pages"}],"about":[{"href":"https:\/\/france-visite.com\/index.php\/wp-json\/wp\/v2\/types\/page"}],"author":[{"embeddable":true,"href":"https:\/\/france-visite.com\/index.php\/wp-json\/wp\/v2\/users\/1"}],"replies":[{"embeddable":true,"href":"https:\/\/france-visite.com\/index.php\/wp-json\/wp\/v2\/comments?post=192"}],"version-history":[{"count":55,"href":"https:\/\/france-visite.com\/index.php\/wp-json\/wp\/v2\/pages\/192\/revisions"}],"predecessor-version":[{"id":655,"href":"https:\/\/france-visite.com\/index.php\/wp-json\/wp\/v2\/pages\/192\/revisions\/655"}],"wp:attachment":[{"href":"https:\/\/france-visite.com\/index.php\/wp-json\/wp\/v2\/media?parent=192"}],"curies":[{"name":"wp","href":"https:\/\/api.w.org\/{rel}","templated":true}]}}